 + 336. Suppose h = -2*h + r. Suppose -4*c + 3*t + 29 = 0, 4*t - 12 = -4*c + 24. What is the greatest common divisor of c and h?
8
Let c = 237 - 75. Suppose q + 2*v = 9, 3*q + q - 24 = 4*v. Let l be ((-2)/5)/(q/(-315)). What is the highest common factor of c and l?
18
Suppose 336 = 4*a - 0*n + 5*n, -n = 4. Let x = -42 + a. What is the greatest common factor of x and 235?
47
Let w = 10 + 0. Suppose -5*j - 300 = -w*j. Calculate the greatest common factor of 15 and j.
15
Let f be 2 + -7 - (-1380)/((-36)/(-3)). What is the greatest common divisor of f and 121?
11
Suppose -6 = 9*x - 10*x. What is the highest common divisor of 30 and x?
6
Let w be (2/(-2))/(-1) + 17. Let t(c) be the second derivative of c**4/4 + c**3 - 9*c**2 + 7*c. Let z be t(6). Calculate the highest common factor of z and w.
18
Let o(h) = h**2 - 2*h - 5. Let f be o(4). Let j be (1 - 0) + 9*f. Suppose -4*k - 4 = 0, 3*q + 5*k = 4*q - 229. What is the highest common factor of q and j?
28
Let x = 703 - 671. Let q = -9 - -17. Let m be 4*q*(-2 + 4). What is the highest common divisor of x and m?
32
Let y = -115 - -80. Let f = y + 60. Let a be ((-130)/f)/(2/(-10)). Calculate the greatest common divisor of a and 39.
13
Suppose -23*y = 10*y - 36432. What is the highest common factor of y and 69?
69
Let s(m) = 6*m + 6. Let j = 5 - -3. Suppose -3*x = -35 + j. Let q be s(x). What is the highest common divisor of 24 and q?
12
Suppose 5*t - 2 = 5*l + 83, 2*t - l = 33. What is the greatest common divisor of t and 144?
16
Suppose 2*i + 23 = 65. Let j be (-70)/(-6)*(-18)/(-10). Calculate the greatest common factor of j and i.
21
Let t be (1 - -1)*((-160)/(-4))/4. What is the greatest common factor of 270 and t?
10
Let s = -13 + 124. Let p(v) = 11*v + 146. Let r be p(-13). Suppose 303 - s = r*w. Calculate the highest common factor of 8 and w.
8
Let x be (-4)/(-8*(-1)/(-4)). Calculate the greatest common factor of 46 and x.
2
Suppose -3*z + 2*v = -13, -6*z + v = -4*z - 9. Calculate the greatest common divisor of 95 and z.
5
Suppose 9 - 17 = -4*x. Let m = -19 + 66. Suppose -x*d + m = 11. What is the greatest common factor of 2 and d?
2
Suppose 5*c = -3*m + 1213, 2*m - 14*c - 817 = -9*c. What is the highest common divisor of 42 and m?
14
Let c(k) = -k - 8. Let x be c(-9). Let l = -173 + 177. What is the greatest common divisor of x and l?
1
Let u be 6 + -3*(-4)/(-3). Suppose 3*q - 4*w = 212, u*w - 388 = -5*q - 0*w. What is the greatest common factor of 190 and q?
38
Let k = -63 + 59. Let a be 106 - -1 - (-5)/(10/k). Calculate the greatest common factor of 15 and a.
15
Let p(q) = -q**2 + 12*q + 50. Let z be p(12). Let w be (-255)/9 + (-4)/6. Let d = 49 + w. Calculate the highest common factor of d and z.
10
Suppose 11*j + 5*p + 207 = 14*j, -3*j - 3*p = -183. What is the highest common factor of 40 and j?
8
Let b = 362 - 332. What is the highest common factor of b and 10?
10
Suppose -v = -3*i - 3, 0 = 4*v - 8*i + 4*i - 4. Suppose -4*m + 2*m + 22 = v. Calculate the highest common factor of 11 and m.
11
Let t(c) = 56*c + 29. Let y be t(1). Let b = 5 - -12. Calculate the highest common divisor of y and b.
17
Suppose -2*s + 3 + 3 = 0. Suppose -5*k = -2*c - 124, 87 = -0*k + 3*k + s*c. What is the highest common factor of 65 and k?
13
Suppose -2*t + 5*t = -5*u + 44, 42 = 5*u + 4*t. Let f be (-52)/u + (-4)/(-20). Let b = f + 19. Calculate the highest common divisor of b and 28.
14
Let m = 221 + -189. What is the greatest common factor of m and 144?
16
Suppose -66 = -3*f + 5*n, -f + 3*n = n - 22. Suppose -14 - f = -4*t. Let k = 45 - 27. What is the greatest common factor of k and t?
9
Let a = -432 + 483. Calculate the greatest common factor of 187 and a.
17
Suppose -3*i + 2*f - 44 = 66, 5*f = 4*i + 156. Let c = i - -53. Calculate the greatest common factor of c and 38.
19
Let m = 1737 - 1693. Calculate the highest common divisor of 28 and m.
4
Suppose -p + 1 = -4*m - 65, -3*p + 22 = -m. Let b be ((-69)/3)/(2/m). Calculate the greatest common divisor of 23 and b.
23
Suppose -64*b = -31796 + 11828. Calculate the greatest common factor of b and 12.
12
Let c(o) = o**2 + 4*o + 3. Let u be c(-3). Suppose 3*t + 5*b - 124 = u, -2 = b - 7. Calculate the highest common factor of 3 and t.
3
Suppose -i - 54 = 5*b - 0*i, 2*b + 3*i = -32. Let p = 17 + b. Let c be (-20)/((3/p)/(-3)). What is the greatest common factor of c and 20?
20
Let d = -202 - -1039. What is the greatest common factor of d and 27?
27
Let g be 25/(-10)*(0 + -4). What is the greatest common divisor of g and 10?
10
Let w be (210/12)/((-4)/(-24)). What is the highest common factor of 280 and w?
35
Let c = 102 - -305. What is the greatest common factor of 148 and c?
37
Let y(o) = 5*o**3 - o**2 + 1. Suppose l - 3 = -2. Let q be y(l). Suppose 4*r + p - 12 - 48 = 0, -q*r = -4*p - 96. What is the highest common divisor of r and 4?
4
Suppose -3*t + 6360 = 37*t. Calculate the highest common divisor of 212 and t.
53
Let z(l) = 7*l**2 - 6*l + 5. Let u be z(2). Let i = 10 + u. Let d = i + 18. Calculate the highest common divisor of d and 7.
7
Let a = 5 + -1. Let f(w) = w**3 + 13*w**2 - 42*w - 36. Let h be f(4). Calculate the highest common divisor of h and a.
4
Let y be 68/(-6)*1*-3. Let j(l) = -9*l - 190. Let u be j(-23). Calculate the greatest common factor of y and u.
17
Suppose 0*q - 3*q - 3*t = 6, q - t = 8. Suppose q*x - 27 = -2*m, 0 = m + 4*m + 3*x - 72. Calculate the greatest common factor of 15 and m.
15
Let s = 108 + -25. Let n = -51 + s. Let u = -60 + 108. What is the greatest common factor of u and n?
16
Let q(c) = c**3 - 5*c**2 + 9*c - 1. Suppose 0 = -0*v + 5*v - 35. Suppose -m + 0*m + v = 0. Let f be q(m). Calculate the greatest common factor of f and 20.
20
Suppose -5*z = -3*u + u - 145, 3*u + 140 = 5*z. Suppose z + 1 = 2*m. Let p be m/3*(-27)/(-18). What is the highest common divisor of p and 8?
8
Suppose -26 - 22 = -h. Let z be (-14)/(-2) + 3 + h/(-8). Let b(d) = -d + 4. Let k be b(0). Calculate the greatest common factor of z and k.
4
Suppose -9*m - 2*r + 1029 = -8*m, 4*r = -16. What is the highest common factor of m and 17?
17
Suppose -43*g + 6912 = 21*g. What is the highest common factor of 1134 and g?
54
Let g = 81 - -144. What is the greatest common factor of g and 15?
15
Let n(z) = -3*z**2 - 49*z - 42. Let w be n(-14). Calculate the highest common factor of 7 and w.
7
Suppose 58*d - 2001 = 35*d. Calculate the highest common factor of d and 9.
3
Let u(p) = -p**3 + 18*p**2 + 18*p + 32. Let i = 72 - 53. Let s be u(i). What is the highest common factor of s and 117?
13
Let b(o) = 83*o - 2. Let n = 13 + -17. Let k be b(n). Let v be k/(-8) - (-8)/32. Calculate the greatest common divisor of 6 and v.
6
Let a be (1 - 0)/((5/45)/1). Suppose 5*z - a = 1. What is the greatest common divisor of 5 and z?
1
Suppose 1100 = -50*v + 60*v. Suppose z + 4*z - 110 = 0. What is the greatest common divisor of v and z?
22
Let r(a) = -33*a. Let l(t) = t**2 + 6*t - 2. Let c be (-7)/(56/(-12))*-4. Let v be l(c). Let q be r(v). Calculate the greatest common factor of 6 and q.
6
Let c be -63*((-16)/(-12))/(-2). Suppose 5*j = 2*j - c. Let b(q) = -q**3 - 14*q**2 - 5*q. Let n be b(j). What is the highest common divisor of n and 10?
10
Let s = 691 + -499. Calculate the greatest common factor of 24 and s.
24
Suppose -4*y = -9*y. Suppose 4*d + 8 = y, 3 = -a - 4*d - 4. Calculate the highest common divisor of a and 9.
1
Let j(o) = -11*o**2 - o + 21. Let m(r) = 65*r**2 + 5*r - 125. Let l(a) = 35*j(a) + 6*m(a). Let c be l(-3). Calculate the highest common factor of 9 and c.
9
Let x be (7 + -20)/(1 - 0). Let f(o) = -o - 25. Let w be f(x). Let q be (-3)/w*(6 - -2). What is the greatest common divisor of 16 and q?
2
Suppose 11*c - 7*c - 48 = 0. What is the highest common factor of 1464 and c?
12
Let c = -13 + 16. Suppose 0*b + c = b. Suppose -19 = -b*v + 14. Calculate the highest common divisor of 88 and v.
11
Let i = 3 - -9. Let f(a) = -20*a - 8. Let v be f(-7). Calculate the highest common factor of i and v.
12
Suppose -c + 4*q - 15 = -70, 0 = 3*c - 4*q - 149. Calculate the greatest common factor of c and 47.
47
Suppose 0 = 15*u - 8*u - 98. What is the greatest common divisor of 252 and u?
14
Let b(r) = -42*r + 216. Let l be b(5). What is the highest common divisor of 38 and l?
